**2. Let o be h(-7). Suppose v - o + 41 = 0. Is v a prime number?
False
Let p(r) = 9*r**3 - 13*r**2 + 2*r + 85. Is p(18) composite?
False
Let i = -17 + 23. Suppose 5*q = i*q - 8. Let z = 5 + q. Is z a prime number?
True
Let g(q) = -2838*q + 233. Is g(-19) a composite number?
True
Suppose 3441 - 9711 = -5*p. Suppose -639 - p = -3*x. Is x a composite number?
False
Suppose 6*j + j - 1722 = 0. Is ((-10)/6)/((-2)/j) prime?
False
Let b(g) = -1023*g - 9. Let p(x) = 128*x + 1. Let y(l) = -4*b(l) - 33*p(l). Is y(-2) prime?
False
Suppose -2*f + 5*f = 15. Let c(j) = j - 5. Let s be c(f). Suppose 0 = -4*m + x + 1945, m - 490 = -s*m + x. Is m a composite number?
True
Suppose -281*y - 5*m = -285*y + 100061, y + 5*m = 24984. Is y a composite number?
True
Let d(t) be the third derivative of -5*t**4/24 + t**3/3 - 12*t**2. Is d(-13) prime?
True
Is (-9)/(-9) - (-53180)/(2 + 0) a composite number?
False
Is (0 - -1354) + 3 + 4 composite?
False
Suppose 61472 + 19748 = 20*m. Is m composite?
True
Suppose -4*d = 27*n - 28*n - 5598, -3*d + 4199 = -n. Is d a composite number?
False
Let z = 234 + -118. Let g(v) = -v**3 + 7*v**2 + 17*v + 11. Let y be g(9). Suppose 2*u = y + z. Is u a composite number?
False
Suppose 31*o - 23181 = 16592. Is o a prime number?
True
Let s = 22514 - 11973. Is s composite?
True
Let y(v) = 9*v**2 + 26*v + 170. Is y(-21) composite?
False
Is 21377*(-5 + (10 - 2)) a composite number?
True
Suppose 2*v = 5*g + 3*v - 132, 2*v + 60 = 2*g. Suppose -p - 2*p = g. Is (-1101)/p + (-4)/12 a composite number?
True
Suppose 0*a + 2*a - 8 = 0. Suppose -2*w = 2*w - a*r - 20, 0 = 5*r + 10. Is (-2)/(2/(-93)*w) a prime number?
True
Let m = -62360 + 112507. Is m prime?
True
Suppose -5*r + 106513 + 5196 = 3*o, -r + 22351 = -4*o. Is r a prime number?
True
Let t(q) = q**2 - 3*q + 1. Let v(r) = -1. Let w(o) = -t(o) - 3*v(o). Let x be w(-8). Is (-1)/(-2)*x*-1 a composite number?
False
Let y = -1299 - -2836. Is y prime?
False
Let q = -73 - 277. Let s = q + 1909. Is s prime?
True
Let l = -2893 + 4104. Is l prime?
False
Let f(g) = 10*g**2 - 7*g + 7. Suppose 16*v = 14*v + 2. Let u(r) = -8*r + 2. Let c be u(v). Is f(c) composite?
False
Let d(r) = 89*r**2 + 31*r - 149. Is d(7) a composite number?
True
Let i = 44 - 40. Suppose -3*z = z - 4*c - 7360, 0 = i*z - 2*c - 7362. Is z a prime number?
False
Let j = -8736 + 43367. Is j prime?
True
Is 215186/8 + 29/(-116) + 5 composite?
False
Let p be -7 + 9 - (-4 - -1). Suppose -5*t + 340 = p*d, 0 = -5*d - 4*t + 36 + 304. Let n = d + 21. Is n a composite number?
False
Suppose -6*i = -3*i + 36. Let v be i/(-20) - (-17586)/15. Let q = -808 + v. Is q composite?
True
Let u(k) = -135*k**3 - 9*k**2 - 14*k - 1. Is u(-5) a prime number?
False
Let j(o) = -38*o**3 - 4*o**2 + 4*o + 6. Let p be j(-4). Suppose -3*n = -9*n - p. Let w = n + 936. Is w a prime number?
False
Let w(d) = -5*d - 6. Let c be w(-4). Let y be (-178 - 0)*7/c. Let g = -30 - y. Is g a prime number?
True
Let y be 119/28 + 1/(-4). Suppose -w = y, o + w = 2*w + 14. Is o composite?
True
Let f(c) = -165*c + 22. Is f(-7) a prime number?
False
Let c be (-5)/(-1)*36/(-30). Let f be (-8)/c*(-3)/(-1). Suppose 64 = 3*w + a, 0 = -f*w - w - 2*a + 107. Is w prime?
False
Suppose 5 = o - 2*b - 4, 5*o + 3 = -2*b. Let l be o + -13*(-1)/1. Suppose q + n = l, 0*q - 29 = -q + 2*n. Is q a prime number?
True
Is (32 + -30)/((-2)/(-9385)) composite?
True
Suppose 0 = -2*p - m, 6*p - 3*p = -2*m - 2. Suppose 0 = -5*d + l + 9000, -1811 = -d + p*l - 4*l. Is d composite?
False
Let z = -108 - -112. Suppose -4*i = -2*d - 748 - 266, 1024 = z*i - 4*d. Is i prime?
True
Let d(t) = 240*t - 19. Let n be -3 - (-1)/(3/18) - 0. Is d(n) a composite number?
False
Let o = 1320 + -727. Let h = 900 - o. Is h a composite number?
False
Is (-66423)/(-21)*(0/2 - -7) a prime number?
False
Let v = -336 + 3215. Is v prime?
True
Suppose -7*o - 17*o = -430968. Is o a composite number?
False
Let u(t) = 1970*t**2 + 28*t + 41. Is u(6) a composite number?
False
Suppose v + 5 = 9. Suppose -h = 2 - v. Let q(m) = 218*m - 5. Is q(h) prime?
True
Is 238 + -1 + 8 + 6 a composite number?
False
Let k be -2*(-3)/6*2. Suppose 2*s - k*d + d - 192 = 0, -4*s + 4*d + 380 = 0. Suppose -s = -3*z + 2*c - 3*c, 4*z - 151 = 3*c. Is z composite?
True
Let g(v) = -v**3 - v**2 + 2. Let f be g(0). Suppose f*k + 124 = 3*k. Suppose -35 - k = -3*q. Is q a prime number?
True
Let a be (-3 - -3) + -3 + -3. Let s be -5 - a - (-2 + 0). Suppose -s*z - 194 = -5*z. Is z a composite number?
False
Suppose -4*x + 7200 = 2*m, 2116 = -3*x + 4*m + 7505. Is x a composite number?
True
Let q be 637*1 + (4 - 10/2). Let n = q + -289. Is n a composite number?
False
Let h(z) = z**2 - 17*z - 21. Let y be (((-660)/8)/(-11))/(3/(-4)). Is h(y) a prime number?
False
Let i = 8543 - 4956. Is i prime?
False
Let y(j) = 152*j**2 - 1. Let z be y(-3). Suppose u - d - z = 0, -3*d = 4*u - 5*u + 1363. Is u a composite number?
True
Suppose -127*c + 1464635 = -42*c. Is c a composite number?
False
Let w = 3047 + 2932. Suppose 16*g - w = 5765. Is g a composite number?
True
Let f = 5597 - -2120. Is f a composite number?
False
Let h be (-3)/(-5) + (-78)/30. Let f be ((-140)/h)/(-1 + 0). Let x = f + 167. Is x prime?
True
Let k = -30535 - -67868. Is k composite?
True
Is 6/(-30) + 71024/20 a prime number?
False
Suppose 3*c = 0, -13*c = 4*v - 11*c - 11260. Is v a prime number?
False
Suppose -4*d + 12 = -4*g - 8, g - 3 = -d. Suppose -5*k = 5*r - 8305, -3*r + d*k = -8*r + 8301. Is r prime?
True
Let i(l) = 636*l**2 + 19*l - 94. Is i(5) a composite number?
False
Let a be ((-51)/4)/((-24)/512). Suppose 5*h + f = 2426, h + 3*f - 216 = a. Is h a composite number?
True
Let p(y) = -y**3 - 5*y**2 - 4*y + 1. Let q be p(-4). Is (q/3)/((-14)/(-57162)) a prime number?
True
Suppose 4*y - 19 - 1 = 0. Suppose -4*w - 3*n + 20 = 0, y*n = w + 10 + 8. Suppose 4*r = -5*x + 2*r + 1457, 871 = 3*x + w*r. Is x composite?
False
Let p = -109 + 118. Suppose -3*o = -p, -8*u - 2*o = -3*u - 3391. Is u a prime number?
True
Let d = -20 - -24. Is 9830/6 - d/3 a prime number?
True
Suppose 3*v - 6*v - 15999 = -d, 4*v + 80006 = 5*d. Let h be d/3*6/9. Suppose 2*k = 6*k - h. Is k composite?
True
Suppose 7*x - 6*x = -4*p + 2444, 611 = p + 2*x. Is p composite?
True
Is 4666/4*1/((-2)/(-4)) a prime number?
True
Suppose 80 = 8*f - 13*f. Let q(t) = -3*t**3 - t**2 + 2*t + 1. Let v be q(3). Let m = f - v. Is m a prime number?
True
Let d(g) = -4*g**2 - g**2 - g + 0*g**2 + 0*g**3 + 6 + g**3. Is d(7) composite?
False
Suppose -34*z + 5*z = -696841. Is z composite?
False
Suppose 0 = -5*d + 2*g + 80, 0 = -2*d + 3*g + 43. Suppose 0 = 3*z - d - 49. Suppose -2*v + z = -v. Is v prime?
False
Let v be 66/(-110) - 262/5. Let h = v - -153. Suppose h = w - 279. Is w composite?
False
Let o be (-1)/(-3) - (-220)/60. Suppose 2*z + o*u - 19 - 35 = 0, 0 = -5*z - 2*u + 159. Is (-22)/z + 8866/6 a prime number?
False
Let n(d) = 2*d**3 + 2*d**2 + 2*d + 3. Let p(i) = -3*i**3 - 2*i**2 - 3*i - 4. Let x(r) = -4*n(r) - 3*p(r). Let u be x(2). Is 199/3 + u/3 composite?
False
Suppose 2*f = 2*t - 28032, -f + 6 - 3 = 0. Is t prime?
False
Suppose -4*m - m = 0. Suppose m = -4*z + 15 + 5. Let q(s) = 7*s + 12. Is q(z) prime?
True
Suppose 2*q = -2*g + 6506, 4*q = 3*g - 2*g + 13002. Is q composite?
False
Let a(b) = 45*b**2 + 9*b - 47. Is a(-20) prime?
False
Suppose 3*i = 6 + 6. Suppose r = i*r - 9. Suppose r*q = 4*m - 483, 252 = 2*m + q + q. Is m composite?
True
Suppose 19*y + 24 = 15*y. Let u(h) = -35*h - 7. Is u(y) composite?
True
Let i = 16 + -15. Let k = i - -16. Is k/(-1 + 18/15) prime?
False
Let h(g) = 35*g**2 + 2. Is h(-5) composite?
False
Let z be (-2 + 0)/(8/5472). Let g = 603 + z. Is g/(-6) - 6/12 composite?
False
Let f = -29 + 34. Suppose 0 = l + 4*t - 1119, 0*t - 5576 = -f*l - t. Is l a composite number?
True
Let i = -21 - -23. Suppose 10 = i*u + 3*u. Is (u - 0)*(-575)/(-10) composite?
True
Is (1 + (-50697)/18)*2/(-1) composite?
True
Suppose 288*l = 295*l - 32893. Is l a composite number?
True
Let h(y) be the first derivative of -3*y**4/2 + y**3 - 11*y**2/2 + 7*y - 26. Is h(-5) prime?
True
Let g = 9261 + -6416. Is g a prime number?
False
Let v(h) = -h + 5. Suppose f = -f. Let d be v(f). Suppose d*l + 455 = 1920. Is l composite?
False
Let n be 26853/18 - (-3)/18. Let c = 4431 - n. Is c